omposite?
True
Suppose c = -5*i + 309524, 28*c - 619087 = 26*c + 3*i. Is c composite?
False
Let n(x) = 2*x**2 + 4*x - 205. Let t be (-18)/2 + (-155)/(-5). Is n(t) a composite number?
True
Let x(h) = -38601*h + 8732. Is x(-19) a prime number?
True
Let l(t) = 1835*t**2 + 47*t - 189. Is l(6) a prime number?
False
Is ((-48107)/292)/((1 + 1)/(-776)) a prime number?
False
Suppose 0 = -2*s + 1 - 1. Suppose s = -3*m + m. Suppose m = -f - k + 320, 0 = f + 5*k - 185 - 147. Is f composite?
False
Let a = 299914 + -156755. Is a prime?
True
Let w = -13382 + 6774. Let b = -2559 - w. Is b a composite number?
False
Suppose 4*t + 18943682 = 10*d, 2*t = -4*d - 692129 + 8269609. Is d composite?
False
Let k be -4*((4 - 1) + -4). Suppose -k*d - 4641 = -2*g - g, 4*d = 2*g - 3098. Is g prime?
True
Let o(c) = -15*c**2 - 8*c + 66. Let z(t) = -10*t**2 - 5*t + 44. Let d(m) = 5*o(m) - 8*z(m). Suppose -52*w + 92 = 456. Is d(w) a prime number?
True
Let n be ((-110286)/(-55))/((-6)/20). Let z = -3263 - n. Let x = -1662 + z. Is x a prime number?
True
Let b be 1/7 + 570119/(-77). Let z = -4683 - b. Suppose -4*j + z = -787. Is j composite?
False
Suppose -a = 2*v + 4*a - 44, -2 = a. Let i be v/12 + (-6)/24. Suppose -2*b + 0*b + i*k = -3424, 0 = 3*b - 2*k - 5133. Is b composite?
False
Let h = 17499 - 9142. Is h a prime number?
False
Let v(g) = -21*g**3 + 10*g**2 + 366*g - 45. Is v(-26) a composite number?
True
Suppose 79*c - 25 = 74*c. Suppose q + 5*r - 2 = 0, 2*q - 5*r - c = -1. Suppose 0 = q*i - i - 623. Is i composite?
True
Let f(c) = 18 - 433*c - 60 - 118. Is f(-9) a composite number?
True
Let p = -340036 + 680253. Is p prime?
False
Let p = 19 - 11. Let q be 4/p*-8 + 8 + 2. Suppose -6*g + 4044 = q*g. Is g a prime number?
True
Let z = -1082 - -1261. Is z a prime number?
True
Let h = 55959 + -30436. Is h a prime number?
True
Suppose 105*r = 104*r - 4*z + 18253, -54819 = -3*r + 3*z. Is r a prime number?
True
Suppose -3*i = 24, o - 206034 = i + 275475. Is o prime?
True
Suppose r - 2*a - 137665 = 0, -3*a = 15*r - 7*r - 1101377. Is r a prime number?
False
Let j(k) = -12*k**3 - k + 33959. Is j(0) a composite number?
True
Let x = -345 - 31. Let f = x - -1527. Is f a prime number?
True
Let b(p) = -5*p**3 - 4*p**2 + 2*p + 4. Let x(r) = 11*r**3 - 14*r**2 - 5*r - 7 - 2 + 22*r**2. Let a(d) = -7*b(d) - 3*x(d). Is a(6) composite?
True
Suppose -5*i = 2*c - 2426, -3*i + 272 = c - 940. Let m = c - 2408. Let u = 971 - m. Is u prime?
True
Let l be (-43)/2 + (-3)/6. Is -5 - (20 + l)/((-2)/(-364)) prime?
True
Suppose 62 + 26 = 2*z + 4*o, 0 = -2*z + 5*o + 106. Let r = z - 45. Is (-4)/(-22) + ((-36909)/(-33))/r prime?
True
Let c(b) = -b**3 + b**2 + b - 3. Let o(k) = 6*k**3 - 12*k**2 + 122*k + 44. Let q(p) = -7*c(p) - o(p). Is q(20) a prime number?
False
Let q(t) = 546*t + 353. Is q(37) composite?
True
Suppose -8121 = -21*h - 8121. Let r = 0 + 2. Suppose l - 359 = -h*l - 5*u, r*u = 4*l - 1524. Is l composite?
False
Suppose v = 2*v + 4. Let p be 2 + (-40)/(-2) + v. Suppose p*z - 22*z + 3804 = 0. Is z a composite number?
True
Suppose -36*k - 45*k = -433593. Is k a prime number?
False
Suppose -4*w = 2*s + 7199 - 341, -6838 = 4*w - 2*s. Let l = 2449 + w. Is l a composite number?
True
Is -2*(-2)/(-12) - (-21331240)/30 a prime number?
True
Suppose 84*w + 29*w - 13417507 = 0. Is w composite?
False
Suppose -17*i + 19*i = 70. Let u(x) = 47*x - 56. Is u(i) a prime number?
False
Let j(t) = -498*t**3 + 10*t**2 + 18*t + 103. Is j(-6) a composite number?
False
Suppose 36*s + 28608 = 45107 + 62521. Is s composite?
True
Let r = 22842 + -15943. Is r a composite number?
False
Suppose i = 3*k - 20, -k - 3 = -3*i + 1. Let t(x) = -x**3 + 11*x**2 - 9*x - 11. Let v(m) = m**2 - m. Let j(n) = -t(n) + 3*v(n). Is j(k) a composite number?
False
Let w(f) be the second derivative of 8953*f**4/12 + 5*f**3/6 + 2*f**2 - 17*f. Let o be w(-1). Suppose -o + 2239 = -7*y. Is y prime?
False
Let a = -149 + 149. Suppose a = -4*w + 20, -l - l + 3*w = -1723. Is l a prime number?
False
Let v be (444/(-16))/(-1 + (-342)/(-344)). Let o = 8488 - v. Is o composite?
True
Let c = -621 + 36. Suppose -2*n = 3*u - 3*n - 2929, n - 1951 = -2*u. Let d = u + c. Is d a prime number?
False
Suppose -2*q + 4*j = -837490, -2*j = -2*q + 472495 + 365009. Is q a composite number?
True
Suppose 2*o = 6 + 6. Suppose -2*n - 2*j + 3936 = 0, -o*n + 7*n = -5*j + 1948. Is n composite?
False
Let v be 2/6 - (-15)/9. Suppose v*l + 3*t - 147 = 38, l = -t + 93. Is l a prime number?
False
Let l(i) be the second derivative of -i**4 - i**3/6 + i**2/2 + 34*i. Let p be l(-11). Is p/(-75) - (0 + 2/10) a prime number?
True
Let j(w) = 10328*w**2 + 3*w + 23. Let t(f) = 10328*f**2 + 2*f + 21. Let n(k) = -2*j(k) + 3*t(k). Is n(-2) a composite number?
True
Let n(a) = a**3 - 2*a**2 - a + 1. Let y be n(1). Let v(f) = -f**3 - 9*f**2 + f + 10. Let i be v(-9). Is y*(2 + i) + 358 prime?
False
Let h(v) = -2722*v - 661. Is h(-7) composite?
True
Let p be 5*((-354)/(-30) - 11). Let u(i) = -2*i**3 + i**2 - 1. Let l be u(-1). Suppose 4*o - 591 = -2*h - o, 0 = -p*h + l*o + 1170. Is h a prime number?
True
Let q(y) = 14*y**3 + 10*y**2 + 13*y - 22. Let f(l) = 7*l**3 + 6*l**2 + 6*l - 11. Let r(x) = 7*f(x) - 4*q(x). Is r(-6) a composite number?
True
Let h be (-33 - -29)/(((-2)/(-5))/(-1)). Let u(k) = -2 - 9*k**2 - 388*k**3 + 3 - h*k + 3*k**2. Is u(-2) a composite number?
True
Suppose -5*y + 16483 = -3*a, 5*y + 2*a - 5590 = 10863. Is y a composite number?
True
Let z = -128 - -131. Suppose 4 + 16 = 4*h + m, -2*h + 4*m = -10. Suppose -374 = -h*t + o, 2*o = -z*t + 195 + 19. Is t composite?
True
Suppose 4*g - 113100 = 2*i, -18*g + 113112 = -14*g + i. Is g a composite number?
False
Suppose 30*n + 427156 = 5347846. Is n a prime number?
True
Let a be ((-517677)/172)/((-6)/80). Suppose -a - 33050 = -10*x. Is x composite?
True
Let u(x) = x**3 + 28*x**2 + 20*x - 42. Let j(t) = -13*t**3 + t**2 + 4*t + 2. Let f be j(-2). Let n = -127 + f. Is u(n) a prime number?
False
Let h = 33 + -28. Suppose -r = -4*r + h*i - 6, i + 9 = 4*r. Suppose -3*q = 3*n - 6495, 0 = 4*n - 0*n - r*q - 8660. Is n prime?
False
Suppose 0 = -61*i + 63*i + 4*a - 80376, 0 = 3*i - a - 120592. Let j = i + -21325. Is j a composite number?
True
Let y = -1373 - -2647. Is y + -3*(-7)/(-7) prime?
False
Suppose -71*x + 6349834 = -3823827. Is x a composite number?
False
Let r(j) be the third derivative of -j**6/120 + j**5/15 + 2*j**4/3 - 4*j**3/3 + 19*j**2 + 22*j. Let l be 0 - 17 - 0/2. Is r(l) prime?
False
Let n = 10 + -10. Suppose -3*w + 3*z + 5052 = n, 2335 = 2*w - 5*z - 1036. Let y = 3044 - w. Is y prime?
True
Let d(a) = -11*a**3 - 29*a**2 + 59*a - 296. Is d(-27) composite?
True
Let v = -266 + 286. Is (-9 + 19)/v + (-10530)/(-4) composite?
False
Suppose 0 = -52*i + 53*i. Let r(n) = -4*n + 17729. Is r(i) composite?
False
Let p(f) = 24*f**2 + 562*f + 52. Is p(-33) a composite number?
True
Suppose 68700 = 49*d - 48*d - n, 5*d - 343542 = -n. Is d a prime number?
False
Suppose -3 - 42 = -9*w. Is (-3300)/(-3) + (2 - w) prime?
True
Let v = -94 - -663. Let c = 946 - 636. Let q = v - c. Is q a prime number?
False
Suppose -g = 2*f - 6*g - 1286, -4*g = -4*f + 2572. Let s = 2520 + f. Is s a composite number?
False
Let c(i) = -5*i**3 + 5*i**2 + 40*i + 119. Is c(-15) prime?
True
Let k(w) = -6*w**2 - 8*w - 5. Let o be k(-2). Let l = 21 - o. Is (-5199)/(-2)*l/51 composite?
False
Let s = -273161 - -938584. Is s a composite number?
True
Let b(z) be the first derivative of 29*z**3/3 + 3*z**2 + 6*z + 8. Is b(-5) prime?
True
Let y = -20610 - -54667. Is y prime?
True
Let r be 2/(-7)*-1*(-28)/(-2). Suppose r*k = -5*q + 34 - 6, -2*k + 4*q = 12. Suppose -4*g + 150 = k*c, -4*c + 320 = -g - g. Is c a composite number?
False
Suppose k = 0, 0 = -5*d + 2*k + 10 + 115. Suppose d*i - 359082 = 7*i. Is i a prime number?
True
Is (4/36)/((-8)/(-8625384)) composite?
False
Let l = -341 - -350. Suppose 10878 = l*h - 12333. Is h composite?
False
Suppose 12*r + 15 = 9*r. Let q be 25/10*(-14822)/r. Let h = -3602 + q. Is h a prime number?
False
Let u(q) = -886*q + 23. Let c be u(7). Let z = -4368 - c. Is z composite?
False
Suppose 2*b = 2*a + 332034, -4*b + 7*a - 4*a = -664064. Is b composite?
False
Let k(i) be the second derivative of 349*i**3/3 - i**2/2 + 7*i. Let p be k(3). Let m = p + -141